3/5 - k/45. What is the highest common factor of 11 and m?
11
Let j(z) = z**3 - 7*z**2 + 5*z + 6. Let l be j(6). Let c(y) = -y**3 + y**2 - y + 10. Let f be c(l). What is the greatest common divisor of 30 and f?
10
Let g(t) = 56*t**2 - t - 2. Let c be g(-2). Suppose -z - c = 3*z - i, -5*z = -2*i + 277. Let n = -7 - z. What is the highest common factor of 20 and n?
10
Let a(u) = 3*u**2 + 6*u + 8. Let r be a(-4). Calculate the greatest common factor of 8 and r.
8
Let u be ((-396)/21)/((-1)/7). Calculate the highest common divisor of u and 12.
12
Suppose -5*p - 810 = -10*p - 5*c, 669 = 4*p - 3*c. Calculate the highest common factor of p and 15.
15
Let x be 270/35 - 2/(-7). Suppose -16*p + 21*p = 200. What is the highest common divisor of p and x?
8
Let q = 214 - 124. Let l(d) = -4*d - 2. Let x be l(2). Let g = 28 + x. Calculate the highest common factor of q and g.
18
Suppose -2*q + 3*q = -7. Let t be -1*2 + (-56)/q. Let v(s) = 3*s**2 + s. Let m be v(-3). Calculate the highest common divisor of t and m.
6
Suppose 2*l - 28 = 2*k, l - 3*k - k - 29 = 0. Suppose 2*n = 27 + 9. Suppose 0*u = -u + n. What is the highest common factor of l and u?
9
Let b be (-22)/(-55) - 1996/(-10). What is the greatest common divisor of 20 and b?
20
Let o(b) = -19 + b - 5*b + 16. Let h be o(-3). What is the greatest common divisor of h and 63?
9
Let d = -2 + -5. Let x = 11 + d. Suppose c = -2*g + x*g - 126, -5*g - c + 315 = 0. What is the highest common divisor of g and 9?
9
Suppose -2*u - 5*g = -57, 3*g + 92 = 5*u + 27. What is the highest common divisor of u and 56?
8
Suppose 0 = -0*s + 2*s - 6. Suppose -b + 5 = -0*b. Suppose -b = -s*o + 1. What is the highest common divisor of o and 18?
2
Suppose 5*t - 1 - 9 = 0. Calculate the highest common divisor of 22 and t.
2
Suppose -5*g - 5*s + 955 = 0, 4*g = g + 4*s + 545. What is the greatest common factor of g and 17?
17
Let v be (-9)/(-2) + (-1)/2. Let x be 19*-2*1/(-2). Suppose 4*k = -0*k + 5*z - 8, -k = v*z - x. What is the highest common divisor of k and 3?
3
Suppose 4*q - 24 = 28. Suppose -3*k = q - 349. Suppose 89 = 10*r - 51. What is the highest common factor of r and k?
14
Let i = -126 + 387. What is the greatest common divisor of i and 29?
29
Suppose -n + 8 = 3*i - 2*i, n = -2*i + 9. Calculate the greatest common divisor of n and 1.
1
Let a(l) = -3*l + 9*l - l + 0*l**2 + 6*l**2 - l**3 + 4. Let w be a(7). Let b be (w/3)/(2/(-9)). What is the highest common divisor of b and 15?
15
Let v be (-11)/22 - (-378)/4. What is the highest common factor of v and 141?
47
Suppose -3*a + 59 = 2*o - 0*o, -5*o = -a - 3. Suppose 5*p = 64 + 276. Calculate the highest common factor of a and p.
17
Let k be 14/7 - (-11 + 0 + 1). What is the highest common factor of 96 and k?
12
Let m(g) = -10*g. Let a be m(-3). What is the greatest common factor of 270 and a?
30
Suppose -72 = -4*i - 4*u, -87 = -5*i + 2*u - 4*u. Let s = 40 - 23. Calculate the greatest common factor of s and i.
17
Let d = 4 + 10. Let z(s) = 5*s**2 + 3*s + 2. Let f be z(-5). Calculate the highest common factor of d and f.
14
Let c(o) = 16*o + 14. Let r(p) = -3*p - 3. Let h(l) = -2*c(l) - 11*r(l). Let x be h(5). What is the greatest common factor of 40 and x?
10
Suppose 3*p = p + 2*g + 40, -g + 14 = p. Let h be (4/(-14))/((-5)/35). Suppose -l - u + 122 = -h*u, -u - 3 = 0. What is the highest common divisor of l and p?
17
Suppose 3*r + 277 = 4*r + 3*f, 256 = r - 4*f. Suppose -3*u + 5*a + 369 = 0, 2*u + 8*a - 4*a = r. What is the highest common factor of u and 16?
16
Suppose 2 = -3*t - 166. Let k be (-6)/2*t/3. What is the highest common divisor of 8 and k?
8
Let i(j) = -j**3 - 6*j**2 + 5*j - 8. Let k be i(-7). Suppose 4 = 2*w - 26. What is the greatest common factor of k and w?
3
Suppose -2*y + 7*y = -10, -4*y - 88 = -4*b. What is the highest common factor of b and 30?
10
Let f(j) = j**2 + 7*j - 12. Let u be f(-9). Calculate the greatest common factor of u and 4.
2
Let s be (-8)/36 + (-65)/(-9). Let a be 2/7 - (-3414)/s. Suppose -5*t - 2*i = -597, -3*i = 4*t - 4*i - a. What is the greatest common factor of 11 and t?
11
Let h = -2 + 4. Suppose q - 2 - 67 = 3*l, h*q + l = 103. Let x(g) = 2*g + 2. Let w be x(2). What is the highest common divisor of w and q?
6
Let o(s) = 39*s + 1. Let t be o(5). Let b = -86 + t. Calculate the greatest common divisor of b and 10.
10
Let v(j) = 6*j - 12. Let t be v(8). Calculate the highest common divisor of 12 and t.
12
Let f(s) = -s**2 - 10*s + 13. Let k be f(-11). Calculate the greatest common divisor of 18 and k.
2
Let u = -353 - -507. Let o be (-3)/(-5) - u/(-10). Let p = 29 - 21. What is the highest common divisor of o and p?
8
Suppose -3*f = l - 37, 10*l = 5*l + 3*f + 95. Let z = -5 - -16. What is the greatest common factor of z and l?
11
Let s be (3 + -18 + -1)/(-2). Let a be ((-7)/(-5) - -1)*5. Calculate the highest common divisor of a and s.
4
Suppose -4*m + 30 = m. Let g be (-71)/(-3) - m/(-18). Calculate the greatest common factor of g and 16.
8
Let b be -4 + (-80)/(-4) + 1. What is the highest common divisor of 17 and b?
17
Suppose 3*n - 47 - 95 = -5*r, -12 = -3*n. Calculate the highest common divisor of 65 and r.
13
Suppose 0 = 5*t + 2 + 3. Let b be 21*(t - (-16)/6). Calculate the greatest common factor of 14 and b.
7
Let g = 26 + -14. Suppose 9*f = 4*f - 15. Let u be 1 + (f - -134)/1. What is the highest common divisor of u and g?
12
Let x = 18 + -13. Suppose -5*a = x*s - 0 + 5, 12 = -3*a. Let w = -3 + 6. What is the greatest common factor of s and w?
3
Let t = 85 + -47. Let b be (-3 - -3)/2 + t. Suppose 102 = 2*z + b. What is the highest common divisor of z and 80?
16
Let b(a) = a + 1. Let t be b(-9). Let y = t - -38. Let p be (-133)/(-3) - (-2)/3. Calculate the greatest common factor of y and p.
15
Let j = 24 - -16. Suppose -a + 6*o - 2*o = 11, 4*a = -5*o + j. Suppose 16 = 2*f + 3*v - a*v, -4*f - 3*v = -53. What is the greatest common factor of f and 33?
11
Suppose -3 - 9 = -2*v. Let a be ((-10)/3)/((-2)/v). Suppose -2*s + 4 = u - 3*s, 2*u - 3*s = a. What is the greatest common divisor of u and 14?
2
Suppose -601 = -4*b + 5*p, 4*b - 2*b + 5*p = 323. Suppose 0 = 2*s + 8, -r = -6*r + s + 114. Calculate the greatest common factor of r and b.
22
Suppose -5*l - 11 = -s + 9, 0 = -3*s - 3*l + 132. Let h = 7 + 3. Calculate the greatest common divisor of s and h.
10
Let z = -8 + 4. Let r be z/(-3)*45/6. What is the highest common factor of r and 4?
2
Let o(x) = x**2 - 4*x + 1. Let h be o(7). Calculate the greatest common divisor of h and 55.
11
Suppose 170 - 65 = 5*g - 5*a, -3*g - 4*a = -63. Calculate the highest common factor of 6 and g.
3
Let u be (-160)/(-10) + -1 + -1. Calculate the greatest common factor of u and 7.
7
Let g be -1 + (0 - (-10)/2). Suppose -40 = -5*z - g*m, -m + 3*m + 10 = 0. Calculate the greatest common factor of 4 and z.
4
Let k(z) = -z**2 - 14*z + 29. Let u be k(-15). Calculate the greatest common factor of 2 and u.
2
Suppose 32 = 4*d - 32. Suppose -6 = 2*i - 0*i, -3*z + 159 = -5*i. What is the greatest common factor of d and z?
16
Suppose -9*l = -43 - 2. What is the greatest common divisor of l and 2?
1
Suppose 4*r - 27 = -7. Suppose i - 5*p + 2 = r, -4*p = -2*i + 12. Calculate the highest common factor of 20 and i.
4
Suppose -60 = -5*r - o - 11, -5*o + 20 = 0. What is the greatest common factor of 9 and r?
9
Let t be (375/(-20) + -6)/((-2)/8). Calculate the greatest common divisor of t and 9.
9
Suppose 6*w = -2*f + 2*w + 104, -2*f + 59 = -5*w. Suppose 0 = -5*y + 2*y + 18. What is the greatest common factor of y and f?
6
Let l(b) = -10*b - 8. Let t be l(-8). Calculate the highest common divisor of t and 48.
24
Suppose 4*m + 4*o = m + 128, 0 = 5*m + 5*o - 210. Let i(k) = 6*k - 1. Let z be i(6). Let c be (-2)/7 + 570/z. Calculate the greatest common divisor of m and c.
8
Suppose 4 + 6 = 5*i, 118 = 3*c - 4*i. Let v(k) = -29*k - 1. Let h be v(-1). Suppose -2*a + h = -a. What is the highest common divisor of a and c?
14
Suppose 5*t = 3*p - 245, 174 + 166 = 4*p - 4*t. Calculate the greatest common factor of 10 and p.
10
Let d(z) = z**3 + 5*z**2 + 4*z - 3. Let y be d(-4). Let g be (y/(-2))/(4/8). Calculate the greatest common factor of g and 21.
3
Let t be ((-560)/(-84))/(((-2)/(-6))/1). What is the greatest common f